 Calculate the remainder when 206 is divided by j(-11).
8
Let d(q) = q**3 - 10*q**2 + 17*q + 4. Calculate the remainder when 346 is divided by d(8).
10
Suppose -i + 4*i = 0, 3*v = -4*i + 114. Suppose -v - 25 = -y. Suppose 2*b = 3*b - y. Calculate the remainder when b is divided by 17.
12
Let s(d) = d**3 - 11*d**2 + 17*d + 16. What is the remainder when 321 is divided by s(9)?
6
Let h = -378 + 423. What is the remainder when 145 is divided by h?
10
Let s(g) = -g**3 - 6*g**2 - 4*g + 7. What is the remainder when 1484/530 + (-8)/10 is divided by s(-5)?
0
Let i = -222 - -520. What is the remainder when i is divided by 5?
3
Calculate the remainder when 213 is divided by 1 + 333/8 + 195/520.
41
What is the remainder when 179 is divided by 1 + 0 - (-43 + (-4 - -3))?
44
Suppose 4*n + 2*c = 7*c + 40, c + 9 = n. Suppose n*h - 10*h = -580. Let v = 197 - h. Calculate the remainder when v is divided by 21.
18
Let p(r) = -4*r**2 + 31*r - 7. Calculate the remainder when 236 is divided by p(5).
44
Suppose -2*n + 33 + 15 = 0. Let b(d) = d**2 - 4*d - 16. Let h be b(7). Suppose -h*t + 400 + 75 = 0. Calculate the remainder when t is divided by n.
23
Let n(j) = 2*j**3 - 10*j**2 - 10*j - 4. Let h(d) = d**2 - 31*d + 64. Let f be h(29). Calculate the remainder when n(f) is divided by 2.
0
Let i(d) be the second derivative of 17*d**3/6 - d**2 + 2*d. Let b be 2/(-4) + 15/10. What is the remainder when i(b) is divided by 7?
1
Let s(h) = -h**2 - 14*h + 18. Let d be s(-15). Suppose -d*i = -0*i - 12. Calculate the remainder when 6 is divided by i.
2
Let b(j) = j**3 - 31*j**2 + 134*j - 10. Calculate the remainder when b(26) is divided by 20.
14
Suppose -210 = -5*n + 5*f, 9 = 1472*f - 1469*f. What is the remainder when (222 - -1)*(-1)/(-1) is divided by n?
43
Suppose 17 - 5 = 3*a, 3*u + 3*a = -24. Let r be 95/20 + 9/u. Suppose 24 + 89 = 3*v + 2*o, r*v + 4*o = 148. Calculate the remainder when v is divided by 21.
18
Let g = -167 - -174. Calculate the remainder when 46 is divided by g.
4
Let p = 18 - 6. Suppose 28 = p*x - 10*x. What is the remainder when x is divided by 8?
6
Suppose w - 18 = -p, -3*w - 104 = -4*p + w. Let l = p + -14. Calculate the remainder when 74 is divided by (-1)/l - (-1331)/88.
14
Suppose -3*u + 4*u = 56. What is the remainder when u is divided by ((-2)/6)/((-18)/1026)?
18
Suppose -4*d + 126 = 3*d. Calculate the remainder when 50 is divided by d.
14
Let w(m) = 77*m + 449. Calculate the remainder when 254 is divided by w(-5).
62
Calculate the remainder when 10*3595/110 + ((-9)/11 - -1) is divided by -3*(-42)/3 + -1.
40
Let d(n) = 3*n**2 - 3*n**2 - 2*n**2 - 1 - 9*n. What is the remainder when 9 is divided by d(-3)?
1
Suppose 0 = 6*k - 17*k + 55. Suppose -f - 4*b = 10 - 41, b = -1. Let g = 59 - f. What is the remainder when g is divided by k?
4
Suppose -4*w + 4*z + 2500 = 0, -7*z + 3121 = 5*w - 10*z. What is the remainder when w is divided by 26?
25
Suppose 70 = 5*u - 0*u. Suppose 28 = 2*i + u. Let n = -4 + 7. Calculate the remainder when i is divided by n.
1
Let v be (-449)/2 - 6/(-12). Let s = v + 159. Let h = s - -94. Calculate the remainder when h is divided by 15.
14
Let n = -57 + 61. Suppose -833 = -11*m + n*m. Suppose -150 = -8*d + 3*d. What is the remainder when m is divided by d?
29
Let d = 508 - 485. What is the remainder when d is divided by (22 - -2)*1/2?
11
Calculate the remainder when 69 is divided by (165/10)/(52/8 + -6).
3
Let o = -87 - -47. What is the remainder when 41 is divided by 1*(o/(-4) + 1)?
8
Let u = 7 - 2. Suppose 2*w + 3*n = 5*w - 87, -u*n = -4*w + 114. Calculate the remainder when w is divided by 13.
5
Let z = 13 - 9. Let l be 14*(-3 - (-14)/z). Suppose l*s = 2*s + 370. Calculate the remainder when s is divided by 19.
17
Suppose -r - 584 = -5*d, -5*d = -d + 5*r - 473. What is the remainder when d is divided by 18?
9
What is the remainder when 40/90 - (-350)/63 is divided by 2?
0
Suppose r + 270 = 6*r. Suppose -10*z + 334 = 54. Calculate the remainder when r is divided by z.
26
Suppose -2*j - 8*j = -240. What is the remainder when 67 is divided by j?
19
Calculate the remainder when 2 + (0 + -2)*-12 is divided by (-7)/4*8*(-6)/12.
5
Let h(j) = 2*j**2 - 36*j - 401. Let b = 53 - -6. What is the remainder when b is divided by h(26)?
14
Suppose 2*v - 3*v = -5*r + 12, 2*r - 8 = 2*v. Calculate the remainder when ((-60)/v + 1)*1 is divided by (6 - -2) + 0/1.
7
Suppose 3*w + 10*w = 871. What is the remainder when 131 is divided by w?
64
Let w be 21 + -1 + 20/(-5). Let j = w - 14. Calculate the remainder when 3 is divided by j.
1
Let u be 45/12*(-4)/(-3). Suppose -u*y = -3*y - 2*c - 100, 130 = 3*y + 2*c. Let w(p) = -9*p - 2. What is the remainder when y is divided by w(-2)?
14
Let s = 11 + -4. Let b = -4 + s. Suppose b*k = -u + 27, -k + 5*u + 9 = 6*u. Calculate the remainder when k is divided by 3.
0
Calculate the remainder when 32 is divided by 6/(-3 - -5) + 3.
2
Let p = -363 + 389. Calculate the remainder when 230 is divided by p.
22
Let c(y) = -y**2 + 12*y + 14. Let g be c(11). Let w = g + -12. What is the remainder when 31 is divided by w?
5
Let o = 1278 - 907. What is the remainder when o is divided by 12?
11
Calculate the remainder when 6 + (0 - 9) + (-1 - -23) is divided by 3.
1
Let b(p) = 17*p + 12. What is the remainder when b(1) is divided by 8?
5
Suppose -3*c = 3*t + 86 - 353, -5*t = -3*c - 453. Calculate the remainder when t is divided by 27.
9
Let o(x) = x**3 + 13*x**2 - 4*x - 79. What is the remainder when o(-11) is divided by 15?
12
Let h be (-6)/12 + (-173)/(-2). Suppose -2*a + h = 3*v - 0*a, -5*v - a + 155 = 0. Calculate the remainder when v is divided by 2/(4/34) + 0.
15
Let b(y) = -y**3 - 2*y**2 - 3*y + 3. Let f be b(0). Suppose f = 3*n - 0, -3*n + 101 = 2*p. Calculate the remainder when p is divided by 17.
15
Suppose g = -0*g - 2, g + 22 = -2*p. Let c(t) = -t**2 - 10*t + 3. Let h be c(p). What is the remainder when 2 - (-36 - h/(-1)) is divided by 19?
16
Let t(f) = -7*f - 3. Let g be t(-3). Suppose -l = -2*l + g. Suppose 2*n - 200 + 78 = 4*x, n = 3*x + 65. Calculate the remainder when n is divided by l.
17
Let l = -549 - -650. Calculate the remainder when 700 is divided by l.
94
Let q be (2 - (2 + 22))*1. Calculate the remainder when (1/((-15)/27))/((-3)/70) is divided by (q/8 - 1)*-4.
12
Suppose u + 2 + 0 = 0, -2*u - 24 = -4*y. Let p(o) = -o**3 - 6*o**2 - 5*o - 3. Let j be p(-2). Calculate the remainder when j*((-60)/9 + 4) is divided by y.
4
Suppose -2*m - 6 = -4*m. Let w(l) = -l**3 + 6*l**2 + 2*l + 4. Let g be w(6). Suppose -g - m = -v. What is the remainder when 55 is divided by v?
17
Suppose s - 36 = -0*s. Let t(j) = j**3 + 7*j**2 - 19*j + 1. What is the remainder when s is divided by t(-9)?
6
Let w(h) = h**3 + 30*h**2 - 9*h - 255. Let c(f) = 2*f**2 + f + 1. Let g be c(-2). Suppose 2*l = g + 1. What is the remainder when w(-30) is divided by l?
3
Suppose 15 = 2*c - c. Suppose 5*i = -0*i + 2*f - 180, 2*f = 10. What is the remainder when c is divided by 6/10 + i/(-10)?
3
Calculate the remainder when (-12)/(-2)*(-2)/4*-33 is divided by 34.
31
Let c(q) = -q. Let r(t) = t**2 + 14*t + 6. Let l(b) = -4*c(b) - r(b). Let m be l(-9). What is the remainder when 102 is divided by 3/(27/78)*m?
24
What is the remainder when 410 is divided by ((-6)/(-8) + (-84)/(-16))*3?
14
Let t(a) = a**2 - 6*a - 13. Let d be t(0). Let i(b) = b**3 + 2*b - 1. Calculate the remainder when (37 - 0) + (d - -8) is divided by i(2).
10
Let v = -20 - -23. Suppose 0 = 2*o - 5*m - 43, -3*o + 19 = 3*m - 14. Calculate the remainder when v is divided by (-4)/(-16) - o/(-8).
1
Let j be -1 + 1 + 3/(-1). Calculate the remainder when 60/(-9)*(-18)/15 is divided by (4/j)/(8/(-36)).
2
Suppose 0 = -17*h + 1390 + 1194. What is the remainder when h is divided by 33?
20
Let n be (9/(-6))/(2/4). Calculate the remainder when 10 is divided by (-9)/n*20/12.
0
Let q = -3 - -14. Suppose -2*n = -7*n. Suppose -4*b + 2*b + 60 = n. What is the remainder when b is divided by q?
8
Suppose -10 = j + 3. Let o = 15 + j. Calculate the remainder when 49 is divided by o + (0 - -2) + 21.
24
Let u = 78 - 68. What is the remainder when 188 is divided by u?
8
Calculate the remainder when 327 - -2 - ((-42)/(-7) + -3) is divided by 55.
51
Let z(f) = f**2 - 3*f - 7. Let u be z(5). Suppos